[INFO] fetching crate sysinputs 0.0.5...
[INFO] checking sysinputs-0.0.5 against master#cfbc6d4cf1acbac5c025acf8ed68929caa551df3 for pr-75494-beta
[INFO] extracting crate sysinputs 0.0.5 into /workspace/builds/worker-14/source
[INFO] validating manifest of crates.io crate sysinputs 0.0.5 on toolchain cfbc6d4cf1acbac5c025acf8ed68929caa551df3
[INFO] running `Command { std: "/workspace/cargo-home/bin/cargo" "+cfbc6d4cf1acbac5c025acf8ed68929caa551df3" "read-manifest" "--manifest-path" "Cargo.toml", kill_on_drop: false }`
[INFO] started tweaking crates.io crate sysinputs 0.0.5
[INFO] finished tweaking crates.io crate sysinputs 0.0.5
[INFO] tweaked toml for crates.io crate sysinputs 0.0.5 written to /workspace/builds/worker-14/source/Cargo.toml
[INFO] crate crates.io crate sysinputs 0.0.5 already has a lockfile, it will not be regenerated
[INFO] running `Command { std: "/workspace/cargo-home/bin/cargo" "+cfbc6d4cf1acbac5c025acf8ed68929caa551df3" "fetch" "--locked" "--manifest-path" "Cargo.toml", kill_on_drop: false }`
[INFO] [stderr]     Blocking waiting for file lock on package cache
[INFO] running `Command { std: "docker" "create" "-v" "/var/lib/crater-agent-workspace/builds/worker-14/target:/opt/rustwide/target:rw,Z" "-v" "/var/lib/crater-agent-workspace/builds/worker-14/source:/opt/rustwide/workdir:ro,Z" "-v" "/var/lib/crater-agent-workspace/cargo-home:/opt/rustwide/cargo-home:ro,Z" "-v" "/var/lib/crater-agent-workspace/rustup-home:/opt/rustwide/rustup-home:ro,Z" "-e" "SOURCE_DIR=/opt/rustwide/workdir" "-e" "CARGO_TARGET_DIR=/opt/rustwide/target" "-e" "CARGO_HOME=/opt/rustwide/cargo-home" "-e" "RUSTUP_HOME=/opt/rustwide/rustup-home" "-w" "/opt/rustwide/workdir" "-m" "1610612736" "--user" "0:0" "--network" "none" "rustops/crates-build-env@sha256:a636fd89d022f18117e1dc8fb37a0a009933cdbbe082814857f0e2024962d47c" "/opt/rustwide/cargo-home/bin/cargo" "+cfbc6d4cf1acbac5c025acf8ed68929caa551df3" "metadata" "--no-deps" "--format-version=1", kill_on_drop: false }`
[INFO] [stdout] fbd936c35987b04f972ac6411bb767b986af0eacc5260272686d3e3d5a393f34
[INFO] [stderr] WARNING: Your kernel does not support swap limit capabilities or the cgroup is not mounted. Memory limited without swap.
[INFO] running `Command { std: "docker" "start" "-a" "fbd936c35987b04f972ac6411bb767b986af0eacc5260272686d3e3d5a393f34", kill_on_drop: false }`
[INFO] running `Command { std: "docker" "inspect" "fbd936c35987b04f972ac6411bb767b986af0eacc5260272686d3e3d5a393f34", kill_on_drop: false }`
[INFO] running `Command { std: "docker" "rm" "-f" "fbd936c35987b04f972ac6411bb767b986af0eacc5260272686d3e3d5a393f34", kill_on_drop: false }`
[INFO] [stdout] fbd936c35987b04f972ac6411bb767b986af0eacc5260272686d3e3d5a393f34
[INFO] running `Command { std: "docker" "create" "-v" "/var/lib/crater-agent-workspace/builds/worker-14/target:/opt/rustwide/target:rw,Z" "-v" "/var/lib/crater-agent-workspace/builds/worker-14/source:/opt/rustwide/workdir:ro,Z" "-v" "/var/lib/crater-agent-workspace/cargo-home:/opt/rustwide/cargo-home:ro,Z" "-v" "/var/lib/crater-agent-workspace/rustup-home:/opt/rustwide/rustup-home:ro,Z" "-e" "SOURCE_DIR=/opt/rustwide/workdir" "-e" "CARGO_TARGET_DIR=/opt/rustwide/target" "-e" "CARGO_INCREMENTAL=0" "-e" "RUST_BACKTRACE=full" "-e" "RUSTFLAGS=--cap-lints=forbid" "-e" "CARGO_HOME=/opt/rustwide/cargo-home" "-e" "RUSTUP_HOME=/opt/rustwide/rustup-home" "-w" "/opt/rustwide/workdir" "-m" "1610612736" "--user" "0:0" "--network" "none" "rustops/crates-build-env@sha256:a636fd89d022f18117e1dc8fb37a0a009933cdbbe082814857f0e2024962d47c" "/opt/rustwide/cargo-home/bin/cargo" "+cfbc6d4cf1acbac5c025acf8ed68929caa551df3" "check" "--frozen" "--all" "--all-targets" "--message-format=json", kill_on_drop: false }`
[INFO] [stdout] d86b36833349be213d1e7205459d26abc8bbcc50c4984f96c81b6243bfb0ed35
[INFO] [stderr] WARNING: Your kernel does not support swap limit capabilities or the cgroup is not mounted. Memory limited without swap.
[INFO] running `Command { std: "docker" "start" "-a" "d86b36833349be213d1e7205459d26abc8bbcc50c4984f96c81b6243bfb0ed35", kill_on_drop: false }`
[INFO] [stderr]     Checking sysinputs v0.0.5 (/opt/rustwide/workdir)
[INFO] [stdout] error[E0432]: unresolved import `self::platform`
[INFO] [stdout]  --> src/keyboard/mod.rs:3:15
[INFO] [stdout]   |
[INFO] [stdout] 3 | pub use self::platform::{press_key, release_key};
[INFO] [stdout]   |               ^^^^^^^^ could not find `platform` in `self`
[INFO] [stdout] 
[INFO] [stdout] 
[INFO] [stdout] error[E0432]: unresolved import `self::platform`
[INFO] [stdout]  --> src/keyboard/mod.rs:4:15
[INFO] [stdout]   |
[INFO] [stdout] 4 | pub use self::platform::{send_char, send_str};
[INFO] [stdout]   |               ^^^^^^^^ could not find `platform` in `self`
[INFO] [stdout] 
[INFO] [stdout] 
[INFO] [stdout] error[E0432]: unresolved import `self::platform`
[INFO] [stdout]  --> src/keyboard/mod.rs:5:15
[INFO] [stdout]   |
[INFO] [stdout] 5 | pub use self::platform::{send_combo, send_key};
[INFO] [stdout]   |               ^^^^^^^^ could not find `platform` in `self`
[INFO] [stdout] 
[INFO] [stdout] 
[INFO] [stdout] error[E0432]: unresolved imports `self::platform`, `super::send_key`, `super::send_str`
[INFO] [stdout]   --> src/keyboard/mod.rs:55:17
[INFO] [stdout]    |
[INFO] [stdout] 55 |     use super::{send_key, send_str, Key};
[INFO] [stdout]    |                 ^^^^^^^^  ^^^^^^^^
[INFO] [stdout]    | 
[INFO] [stdout]   ::: src/mouse/mod.rs:1:15
[INFO] [stdout]    |
[INFO] [stdout] 1  | pub use self::platform::{click, send_button};
[INFO] [stdout]    |               ^^^^^^^^ could not find `platform` in `self`
[INFO] [stdout] 
[INFO] [stdout] 
[INFO] [stdout] error[E0432]: unresolved import `self::platform`
[INFO] [stdout]  --> src/keyboard/mod.rs:3:15
[INFO] [stdout]   |
[INFO] [stdout] 3 | pub use self::platform::{press_key, release_key};
[INFO] [stdout]   |               ^^^^^^^^ could not find `platform` in `self`
[INFO] [stdout] 
[INFO] [stdout] 
[INFO] [stdout] error[E0432]: unresolved import `self::platform`
[INFO] [stdout]  --> src/keyboard/mod.rs:4:15
[INFO] [stdout]   |
[INFO] [stdout] 4 | pub use self::platform::{send_char, send_str};
[INFO] [stdout]   |               ^^^^^^^^ could not find `platform` in `self`
[INFO] [stdout] 
[INFO] [stdout] 
[INFO] [stdout] error[E0432]: unresolved import `self::platform`
[INFO] [stdout]  --> src/keyboard/mod.rs:5:15
[INFO] [stdout]   |
[INFO] [stdout] 5 | pub use self::platform::{send_combo, send_key};
[INFO] [stdout]   |               ^^^^^^^^ could not find `platform` in `self`
[INFO] [stdout] 
[INFO] [stdout] 
[INFO] [stdout] error[E0432]: unresolved import `self::platform`
[INFO] [stdout]  --> src/mouse/mod.rs:1:15
[INFO] [stdout]   |
[INFO] [stdout] 1 | pub use self::platform::{click, send_button};
[INFO] [stdout]   |               ^^^^^^^^ could not find `platform` in `self`
[INFO] [stdout] 
[INFO] [stdout] 
[INFO] [stdout] error: aborting due to 4 previous errors
[INFO] [stdout] 
[INFO] [stdout] 
[INFO] [stdout] For more information about this error, try `rustc --explain E0432`.
[INFO] [stdout] 
[INFO] [stdout] error: aborting due to 4 previous errors
[INFO] [stdout] 
[INFO] [stdout] 
[INFO] [stdout] For more information about this error, try `rustc --explain E0432`.
[INFO] [stdout] 
[INFO] [stderr] error: could not compile `sysinputs`.
[INFO] [stderr] 
[INFO] [stderr] To learn more, run the command again with --verbose.
[INFO] [stderr] warning: build failed, waiting for other jobs to finish...
[INFO] [stderr] error: build failed
[INFO] running `Command { std: "docker" "inspect" "d86b36833349be213d1e7205459d26abc8bbcc50c4984f96c81b6243bfb0ed35", kill_on_drop: false }`
[INFO] running `Command { std: "docker" "rm" "-f" "d86b36833349be213d1e7205459d26abc8bbcc50c4984f96c81b6243bfb0ed35", kill_on_drop: false }`
[INFO] [stdout] d86b36833349be213d1e7205459d26abc8bbcc50c4984f96c81b6243bfb0ed35
